{"id":10282,"date":"2026-02-05T09:58:03","date_gmt":"2026-02-05T08:58:03","guid":{"rendered":"https:\/\/www.pep62.fr\/pep62\/?page_id=10282"},"modified":"2026-02-05T10:32:54","modified_gmt":"2026-02-05T09:32:54","slug":"ueea","status":"publish","type":"page","link":"https:\/\/www.pep62.fr\/pep62\/ueea\/","title":{"rendered":"UEEA"},"content":{"rendered":"<p>[et_pb_section fb_built=\u00a0\u00bb1&Prime; _builder_version=\u00a0\u00bb4.27.5&Prime; _module_preset=\u00a0\u00bbdefault\u00a0\u00bb hover_enabled=\u00a0\u00bb0&Prime; global_colors_info=\u00a0\u00bb{}\u00a0\u00bb sticky_enabled=\u00a0\u00bb0&Prime;][et_pb_row _builder_version=\u00a0\u00bb4.27.5&Prime; _module_preset=\u00a0\u00bbdefault\u00a0\u00bb global_colors_info=\u00a0\u00bb{}\u00a0\u00bb width=\u00a0\u00bb77.7%\u00a0\u00bb custom_padding=\u00a0\u00bb|||6px||\u00a0\u00bb][et_pb_column type=\u00a0\u00bb4_4&Prime; _builder_version=\u00a0\u00bb4.27.5&Prime; _module_preset=\u00a0\u00bbdefault\u00a0\u00bb global_colors_info=\u00a0\u00bb{}\u00a0\u00bb][et_pb_text _builder_version=\u00a0\u00bb4.27.5&Prime; _module_preset=\u00a0\u00bbdefault\u00a0\u00bb global_colors_info=\u00a0\u00bb{}\u00a0\u00bb]<\/p>\n<h1><span style=\"font-size: xx-large;\"><strong>UEEA<\/strong><\/span><\/h1>\n<p>L&rsquo;Unit\u00e9 d&rsquo;Enseignement El\u00e9mentaire pour Autistes a ouvert \u00e0 l&rsquo;\u00e9cole Jean Jaur\u00e8s \u00e0 Outreau \u00e0 la rentr\u00e9e 2025. L&rsquo;\u00e9cole <span class=\"a_GcMg font-feature-liga-off font-feature-clig-off font-feature-calt-off text-decoration-none text-strikethrough-none\">peut recevoir jusqu\u2019\u00e0 10 enfants, \u00e2g\u00e9s de 6 \u00e0 11 ans, tous diagnostiqu\u00e9s avec un TSA (Trouble du Spectre de l\u2019Autisme).\u00a0<\/span><\/p>\n<p><span class=\"a_GcMg font-feature-liga-off font-feature-clig-off font-feature-calt-off text-decoration-none text-strikethrough-none\">L&rsquo;\u00e9quipe est compos\u00e9e d&rsquo;une \u00e9ducatrice sp\u00e9cialis\u00e9e, une professeure des \u00e9coles sp\u00e9cialis\u00e9e, u<\/span><span class=\"a_GcMg font-feature-liga-off font-feature-clig-off font-feature-calt-off text-decoration-none text-strikethrough-none\">ne accompagnatrice \u00e9ducatrice et sociale et u<\/span><span class=\"a_GcMg font-feature-liga-off font-feature-clig-off font-feature-calt-off text-decoration-none text-strikethrough-none\">ne AESH.<\/span><span class=\"a_GcMg font-feature-liga-off font-feature-clig-off font-feature-calt-off text-decoration-none text-strikethrough-none white-space-prewrap\"><\/span><\/p>\n<p class=\"cvGsUA direction-ltr align-justify para-style-body\"><span class=\"a_GcMg font-feature-liga-off font-feature-clig-off font-feature-calt-off text-decoration-none text-strikethrough-none\">L\u2019\u00e9quipe du SESSAD Peter Pan de Boulogne-sur-Mer peut \u00e9galement \u00eatre mobilis\u00e9e au besoin.<\/span><span class=\"a_GcMg font-feature-liga-off font-feature-clig-off font-feature-calt-off text-decoration-none text-strikethrough-none white-space-prewrap\"> <\/span><\/p>\n<h5 class=\"cvGsUA direction-ltr align-justify para-style-body\"><strong><span class=\"a_GcMg font-feature-liga-off font-feature-clig-off font-feature-calt-off text-decoration-none text-strikethrough-none\">Comment se passe l&rsquo;accompagnement ?<\/span><\/strong><\/h5>\n<p><strong>Pendant la classe :<\/strong><\/p>\n<ul>\n<li><span class=\"a_GcMg font-feature-liga-off font-feature-clig-off font-feature-calt-off text-decoration-none text-strikethrough-none\">Classe de r\u00e9f\u00e9rence avec inclusion progressive,<\/span><\/li>\n<li><span class=\"a_GcMg font-feature-liga-off font-feature-clig-off font-feature-calt-off text-decoration-none text-strikethrough-none\">Temps individualis\u00e9s,<\/span><\/li>\n<li><span class=\"a_GcMg font-feature-liga-off font-feature-clig-off font-feature-calt-off text-decoration-none text-strikethrough-none\">Activit\u00e9s p\u00e9dagogiques adapt\u00e9es,<\/span><\/li>\n<li><span class=\"a_GcMg font-feature-liga-off font-feature-clig-off font-feature-calt-off text-decoration-none text-strikethrough-none\">Suivi socio-\u00e9ducatif constant.<\/span><\/li>\n<\/ul>\n<p class=\"cvGsUA direction-ltr align-justify para-style-body\"><span class=\"a_GcMg font-feature-liga-off font-feature-clig-off font-feature-calt-off text-decoration-none text-strikethrough-none\">Chaque enfant progresse \u00e0 son rythme tout en s\u2019int\u00e9grant \u00e0 la vie scolaire.<\/span><span class=\"a_GcMg font-feature-liga-off font-feature-clig-off font-feature-calt-off text-decoration-none text-strikethrough-none\"><\/span><\/p>\n<p class=\"cvGsUA direction-ltr align-justify para-style-body\"><strong>Apr\u00e8s la classe :\u00a0<\/strong><\/p>\n<ul>\n<li><span class=\"a_GcMg font-feature-liga-off font-feature-clig-off font-feature-calt-off text-decoration-none text-strikethrough-none\">Accompagnement pendant les vacances scolaires,<\/span><\/li>\n<li><span class=\"a_GcMg font-feature-liga-off font-feature-clig-off font-feature-calt-off text-decoration-none text-strikethrough-none\">Travail main dans la main avec les familles :<\/span>\n<ul>\n<li><span class=\"a_GcMg font-feature-liga-off font-feature-clig-off font-feature-calt-off text-decoration-none text-strikethrough-none\">Compr\u00e9hension des besoins de l\u2019enfant,<\/span><\/li>\n<li><span class=\"a_GcMg font-feature-liga-off font-feature-clig-off font-feature-calt-off text-decoration-none text-strikethrough-none\">Conseils pratiques et outils concrets,<\/span><\/li>\n<li><span class=\"a_GcMg font-feature-liga-off font-feature-clig-off font-feature-calt-off text-decoration-none text-strikethrough-none\">Soutien \u00e9motionnel et moments de r\u00e9pit.<\/span><\/li>\n<\/ul>\n<\/li>\n<\/ul>\n<p class=\"cvGsUA direction-ltr align-start para-style-body\"><span class=\"a_GcMg font-feature-liga-off font-feature-clig-off font-feature-calt-off text-decoration-none text-strikethrough-none\">Un suivi global qui renforce le lien \u00e9cole\u2013enfant\u2013famille.<\/span><\/p>\n<h5 class=\"cvGsUA direction-ltr align-start para-style-body\"><strong><span class=\"a_GcMg font-feature-liga-off font-feature-clig-off font-feature-calt-off text-decoration-none text-strikethrough-none\">Comment int\u00e9grer l&rsquo;UEEA ?<\/span><\/strong><\/h5>\n<p class=\"cvGsUA direction-ltr align-start para-style-body\"><span class=\"a_GcMg font-feature-liga-off font-feature-clig-off font-feature-calt-off text-decoration-none text-strikethrough-none\">&#8211; Avoir d\u00e9j\u00e0 connu une premi\u00e8re exp\u00e9rience de scolarisation,<\/span><\/p>\n<p class=\"cvGsUA direction-ltr align-start para-style-body\"><span class=\"a_GcMg font-feature-liga-off font-feature-clig-off font-feature-calt-off text-decoration-none text-strikethrough-none\">&#8211; Avoir un diagnostic de TSA,<span class=\"a_GcMg font-feature-liga-off font-feature-clig-off font-feature-calt-off text-decoration-none text-strikethrough-none white-space-prewrap\"><\/span><\/span><\/p>\n<p class=\"cvGsUA direction-ltr align-start para-style-body\"><span class=\"a_GcMg font-feature-liga-off font-feature-clig-off font-feature-calt-off text-decoration-none text-strikethrough-none\">&#8211; Disposer d\u2019une notification d\u2019orientation en UEEA d\u00e9livr\u00e9e par la MDPH (Maison D\u00e9partementale des Personnes Handicap\u00e9es),<\/span><\/p>\n<p class=\"cvGsUA direction-ltr align-start para-style-body\"><span class=\"a_GcMg font-feature-liga-off font-feature-clig-off font-feature-calt-off text-decoration-none text-strikethrough-none\">&#8211; Obtenir une affectation officielle en UEEA.<\/span><\/p>\n<p>&nbsp;<\/p>\n<p>[\/et_pb_text][\/et_pb_column][\/et_pb_row][\/et_pb_section]<\/p>\n","protected":false},"excerpt":{"rendered":"<p>UEEA L&rsquo;Unit\u00e9 d&rsquo;Enseignement El\u00e9mentaire pour Autistes a ouvert \u00e0 l&rsquo;\u00e9cole Jean Jaur\u00e8s \u00e0 Outreau \u00e0 la rentr\u00e9e 2025. L&rsquo;\u00e9cole peut recevoir jusqu\u2019\u00e0 10 enfants, \u00e2g\u00e9s de 6 \u00e0 11 ans, tous diagnostiqu\u00e9s avec un TSA (Trouble du Spectre de l\u2019Autisme).\u00a0 L&rsquo;\u00e9quipe est compos\u00e9e d&rsquo;une \u00e9ducatrice sp\u00e9cialis\u00e9e, une professeure des \u00e9coles sp\u00e9cialis\u00e9e, une accompagnatrice \u00e9ducatrice et [&hellip;]<\/p>\n","protected":false},"author":17,"featured_media":0,"parent":0,"menu_order":0,"comment_status":"closed","ping_status":"closed","template":"","meta":{"_et_pb_use_builder":"on","_et_pb_old_content":"","_et_gb_content_width":"","footnotes":""},"class_list":["post-10282","page","type-page","status-publish","hentry"],"_links":{"self":[{"href":"https:\/\/www.pep62.fr\/pep62\/wp-json\/wp\/v2\/pages\/10282","targetHints":{"allow":["GET"]}}],"collection":[{"href":"https:\/\/www.pep62.fr\/pep62\/wp-json\/wp\/v2\/pages"}],"about":[{"href":"https:\/\/www.pep62.fr\/pep62\/wp-json\/wp\/v2\/types\/page"}],"author":[{"embeddable":true,"href":"https:\/\/www.pep62.fr\/pep62\/wp-json\/wp\/v2\/users\/17"}],"replies":[{"embeddable":true,"href":"https:\/\/www.pep62.fr\/pep62\/wp-json\/wp\/v2\/comments?post=10282"}],"version-history":[{"count":4,"href":"https:\/\/www.pep62.fr\/pep62\/wp-json\/wp\/v2\/pages\/10282\/revisions"}],"predecessor-version":[{"id":10292,"href":"https:\/\/www.pep62.fr\/pep62\/wp-json\/wp\/v2\/pages\/10282\/revisions\/10292"}],"wp:attachment":[{"href":"https:\/\/www.pep62.fr\/pep62\/wp-json\/wp\/v2\/media?parent=10282"}],"curies":[{"name":"wp","href":"https:\/\/api.w.org\/{rel}","templated":true}]}}