{"id":10417,"date":"2026-03-13T10:19:56","date_gmt":"2026-03-13T09:19:56","guid":{"rendered":"https:\/\/www.pep62.fr\/pep62\/?page_id=10417"},"modified":"2026-04-15T13:26:07","modified_gmt":"2026-04-15T11:26:07","slug":"pco-interieur-62-0-6-ans-et-7-12-ans","status":"publish","type":"page","link":"https:\/\/www.pep62.fr\/pep62\/nos-etablissements-et-services\/pco-interieur-62-0-6-ans-et-7-12-ans\/","title":{"rendered":"PCO Int\u00e9rieur 62 (0-6 ans et 7-12 ans)"},"content":{"rendered":"<p>[et_pb_section fb_built=\u00a0\u00bb1&Prime; _builder_version=\u00a0\u00bb4.27.5&Prime; _module_preset=\u00a0\u00bbdefault\u00a0\u00bb global_colors_info=\u00a0\u00bb{}\u00a0\u00bb][et_pb_row _builder_version=\u00a0\u00bb4.27.5&Prime; _module_preset=\u00a0\u00bbdefault\u00a0\u00bb global_colors_info=\u00a0\u00bb{}\u00a0\u00bb][et_pb_column type=\u00a0\u00bb4_4&Prime; _builder_version=\u00a0\u00bb4.27.5&Prime; _module_preset=\u00a0\u00bbdefault\u00a0\u00bb global_colors_info=\u00a0\u00bb{}\u00a0\u00bb][et_pb_text _builder_version=\u00a0\u00bb4.27.5&Prime; _module_preset=\u00a0\u00bbdefault\u00a0\u00bb global_colors_info=\u00a0\u00bb{}\u00a0\u00bb]<\/p>\n<h1>La PCO Int\u00e9rieur 62 (0-6 ans et 7-12 ans)<\/h1>\n<p>[\/et_pb_text][et_pb_text _builder_version=\u00a0\u00bb4.27.5&Prime; _module_preset=\u00a0\u00bbdefault\u00a0\u00bb global_colors_info=\u00a0\u00bb{}\u00a0\u00bb]<\/p>\n<p>La PCO Int\u00e9rieur 62 (0-6 ans et 7-12 ans) intervient <img loading=\"lazy\" decoding=\"async\" src=\"https:\/\/www.pep62.fr\/pep62\/wp-content\/uploads\/2025\/06\/carte-intervention-PCO-scaled.jpg\" width=\"518\" height=\"394\" alt=\"\" class=\"wp-image-9603 aligncenter size-full\" style=\"display: block; margin-left: auto; margin-right: auto;\" \/><\/p>\n<p>[\/et_pb_text][et_pb_accordion _builder_version=\u00a0\u00bb4.27.5&Prime; _module_preset=\u00a0\u00bbdefault\u00a0\u00bb global_colors_info=\u00a0\u00bb{}\u00a0\u00bb][et_pb_accordion_item title=\u00a0\u00bbLa PCO 0-6 ans\u00a0\u00bb open=\u00a0\u00bbon\u00a0\u00bb _builder_version=\u00a0\u00bb4.27.5&Prime; _module_preset=\u00a0\u00bbdefault\u00a0\u00bb global_colors_info=\u00a0\u00bb{}\u00a0\u00bb]<\/p>\n<p><span>Ouverte depuis janvier 2021, la PCO (<\/span><i><span>Plateforme de Coordination et d\u2019Orientation)\u00a0<\/span><\/i><span>s\u2019adresse aux jeunes enfants de 0 \u00e0 6 ans pour lesquels l\u2019entourage et\/ou le m\u00e9decin suspectent un possible TND (<\/span><i><span>Trouble Neuro-D\u00e9veloppemental<\/span><\/i><span>), dans le cadre d\u2019un\u00a0<\/span><b>parcours de bilan<\/b><span>\u00a0et\u00a0<\/span><b>d\u2019interventions pr\u00e9coces<\/b><b>.<\/b><\/p>\n<p>[\/et_pb_accordion_item][et_pb_accordion_item title=\u00a0\u00bbLes objectifs de la PCO\u00a0\u00bb _builder_version=\u00a0\u00bb4.27.5&Prime; _module_preset=\u00a0\u00bbdefault\u00a0\u00bb global_colors_info=\u00a0\u00bb{}\u00a0\u00bb open=\u00a0\u00bboff\u00a0\u00bb]<\/p>\n<ul>\n<li aria-level=\"1\">Intervenir pr\u00e9cocement\u00a0aupr\u00e8s des enfants pr\u00e9sentant des diff\u00e9rences de d\u00e9veloppement, afin de limiter le sur-handicap<\/li>\n<\/ul>\n<ul>\n<li aria-level=\"1\">Construire un parcours\u00a0coordonn\u00e9, s\u00e9curis\u00e9 et fluide<\/li>\n<\/ul>\n<ul>\n<li aria-level=\"2\"><i>Pr\u00e9coce, d\u00e8s le rep\u00e9rage d\u2019un d\u00e9veloppement inhabituel<\/i><\/li>\n<\/ul>\n<ul>\n<li aria-level=\"2\"><i>Respectueux des souhaits des familles<\/i><\/li>\n<\/ul>\n<ul>\n<li aria-level=\"2\"><i>Dans un parcours de soins gradu\u00e9 et territorialis\u00e9<\/i><\/li>\n<\/ul>\n<ul>\n<li aria-level=\"2\"><i>en lib\u00e9ral ou dans une structure de 2<\/i><i>\u00e8me<\/i><i>\u00a0ligne<\/i><\/li>\n<\/ul>\n<ul>\n<li aria-level=\"1\">R\u00e9pondre aux probl\u00e8mes\u00a0d\u2019errance diagnostique<\/li>\n<\/ul>\n<ul>\n<li aria-level=\"1\">R\u00e9duire les sur-handicaps<\/li>\n<\/ul>\n<ul>\n<li aria-level=\"1\">Assurer un maillage\u00a0territorial pertinent<\/li>\n<\/ul>\n<p>[\/et_pb_accordion_item][et_pb_accordion_item title=\u00a0\u00bbComment fonctionne la PCO ?\u00a0\u00bb _builder_version=\u00a0\u00bb4.27.5&Prime; _module_preset=\u00a0\u00bbdefault\u00a0\u00bb global_colors_info=\u00a0\u00bb{}\u00a0\u00bb open=\u00a0\u00bboff\u00a0\u00bb]<\/p>\n<ul>\n<li aria-level=\"1\">Par la signature d\u2019une\u00a0convention constitutive<\/li>\n<\/ul>\n<ul>\n<li aria-level=\"1\">Par la mise en place d\u2019un parcours coordonn\u00e9e de\u00a0bilans et d\u2019interventions pr\u00e9coces\u00a0pour les enfants de 0 \u00e0 6 ans inclus, sans attendre le diagnostic<\/li>\n<\/ul>\n<ul>\n<li aria-level=\"1\">A partir de\u00a0l\u2019\u00e9tude des besoins\u00a0de votre enfant et\u00a0d\u2019un entretien de pr\u00e9 admission\u00a0: l\u2019\u00e9quipe de la PCO \u00e9tudie chaque demande en Commission M\u00e9dicale d\u2019Admission<\/li>\n<\/ul>\n<ul>\n<li aria-level=\"1\">Par la\u00a0mise en place d\u2019un \u00ab forfait d\u2019intervention\u00bb\u00a0pour le recours aux professionnels non conventionn\u00e9s par l\u2019assurance maladie : psychomotriciens, ergoth\u00e9rapeutes, psychologues<\/li>\n<\/ul>\n<ul>\n<li aria-level=\"1\">A travers le\u00a0renfort du rep\u00e9rage des \u00e9carts de d\u00e9veloppement\u00a0des tr\u00e8s jeunes enfants via l\u2019accompagnement \u00e0 la formation des professionnels de 1\u00e8re\u00a0ligne<\/li>\n<\/ul>\n<p>[\/et_pb_accordion_item][et_pb_accordion_item title=\u00a0\u00bbL&rsquo;\u00e9quipe de la PCO 0-6 ans\u00a0\u00bb _builder_version=\u00a0\u00bb4.27.5&Prime; _module_preset=\u00a0\u00bbdefault\u00a0\u00bb global_colors_info=\u00a0\u00bb{}\u00a0\u00bb open=\u00a0\u00bboff\u00a0\u00bb]<\/p>\n<ul>\n<li aria-level=\"1\">Une Directrice CAMSP\/CMPP\/PCO<\/li>\n<\/ul>\n<ul>\n<li aria-level=\"1\">Un M\u00e9decin Coordonnateur<\/li>\n<\/ul>\n<ul>\n<li aria-level=\"1\">Une Coordinatrice de la plateforme<\/li>\n<\/ul>\n<ul>\n<li aria-level=\"1\">Une Pu\u00e9ricultrice<\/li>\n<\/ul>\n<ul>\n<li aria-level=\"1\">Une Assistante Sociale<\/li>\n<\/ul>\n<ul>\n<li aria-level=\"1\">Une Secr\u00e9taire M\u00e9dicale<\/li>\n<\/ul>\n<p>[\/et_pb_accordion_item][et_pb_accordion_item title=\u00a0\u00bbContacts\u00a0\u00bb _builder_version=\u00a0\u00bb4.27.5&Prime; _module_preset=\u00a0\u00bbdefault\u00a0\u00bb global_colors_info=\u00a0\u00bb{}\u00a0\u00bb open=\u00a0\u00bboff\u00a0\u00bb]<\/p>\n<p>La PCO 0\/6 ans est joignable :<\/p>\n<ul>\n<li aria-level=\"1\">par mail : pco62.interieur@pep62.fr<\/li>\n<\/ul>\n<ul>\n<li aria-level=\"1\">par t\u00e9l\u00e9phone : 03 61 47 81 53<\/li>\n<\/ul>\n<ul>\n<li aria-level=\"1\">par courrier : <br \/>1 bis rue de l\u2019origan<br \/>Parc des Bonnettes<br \/>62000 Arras<\/li>\n<\/ul>\n<p>[\/et_pb_accordion_item][\/et_pb_accordion][et_pb_accordion _builder_version=\u00a0\u00bb4.27.5&Prime; _module_preset=\u00a0\u00bbdefault\u00a0\u00bb hover_enabled=\u00a0\u00bb0&Prime; global_colors_info=\u00a0\u00bb{}\u00a0\u00bb sticky_enabled=\u00a0\u00bb0&Prime;][et_pb_accordion_item title=\u00a0\u00bbLa PCO 7-12 ans\u00a0\u00bb _builder_version=\u00a0\u00bb4.27.5&Prime; _module_preset=\u00a0\u00bbdefault\u00a0\u00bb global_colors_info=\u00a0\u00bb{}\u00a0\u00bb open=\u00a0\u00bboff\u00a0\u00bb]<\/p>\n<p>Le d\u00e9ploiement de la PCO 7\/12 a d\u00e9but\u00e9 en janvier 2023. Il vient \u00e9tendre le dispositif propos\u00e9 par la PCO 0\/6 ans, \u00e0 la tranche d\u2019\u00e2ge et aux besoins sup\u00e9rieurs.<\/p>\n<p>Le r\u00f4le premier de la PCO 7\/12 est de<span>\u00a0<\/span><strong>favoriser la mise en place des interventions pr\u00e9coces<\/strong>\u00a0pour des enfants pr\u00e9sentant des \u00e9carts de d\u00e9veloppement (ou des acquisitions relatives au fonctionnement adaptatif scolaire et social), susceptibles de renvoyer \u00e0 l\u2019existence d\u2019un ou plusieurs des Troubles du Neuro D\u00e9veloppement (TND).<\/p>\n<p>Dans un second temps, les PCO 7\/12 permettent l\u2019acc\u00e8s \u00e0 un \u00e9ventuel diagnostic.<\/p>\n<p>[\/et_pb_accordion_item][et_pb_accordion_item title=\u00a0\u00bbLes missions de la pco 7-12 ans\u00a0\u00bb _builder_version=\u00a0\u00bb4.27.5&Prime; _module_preset=\u00a0\u00bbdefault\u00a0\u00bb global_colors_info=\u00a0\u00bb{}\u00a0\u00bb open=\u00a0\u00bboff\u00a0\u00bb]<strong>Coordonner le parcours<\/strong><\/p>\n<ul>\n<li><strong>Organiser et mobiliser sur le territoire<\/strong>\u00a0une communaut\u00e9 de professionnels comp\u00e9tents en mati\u00e8re d\u2019\u00e9valuation et d\u2019accompagnement des TND<\/li>\n<li>Organiser la\u00a0<strong>coordination des actions des professionnels lib\u00e9raux<\/strong>\u00a0et assurer une circulation adapt\u00e9e des informations entre tous les acteurs<\/li>\n<li>Apporter une\u00a0<strong>r\u00e9ponse personnalis\u00e9e \u00e0 chaque situation<\/strong>, dans les meilleurs d\u00e9lais<\/li>\n<li><strong>Suivre le parcours<\/strong>\u00a0de l\u2019enfant<\/li>\n<li>Mettre en place\u00a0<strong>les renforcements scolaires adapt\u00e9s<\/strong>\u00a0en lien avec les enseignants et la famille.<\/li>\n<li>S\u2019assurer du\u00a0<strong>respect des Recommandations de Bonne Pratique<\/strong>\u00a0et des engagements conventionnels entre les diff\u00e9rents acteurs et la PCO<\/li>\n<\/ul>\n<p><strong> Assurer l\u2019accompagnement continu des familles dans le parcours de bilans et d\u2019interventions : <\/strong><\/p>\n<ul>\n<li>Proposer la guidance parentale adapt\u00e9e aux besoins rep\u00e9r\u00e9s (guidance et adaptation \u00e0 domicile, lien avec les \u00e9coles, renforcement des comp\u00e9tences parentales, formation\/sensibilisation au handicap ou trouble, &#8230;), <\/li>\n<li> Assurer un accompagnement social, notamment dans les d\u00e9marches administratives n\u00e9cessaires \u00e0 la mise en place du parcours bilans\/intervention, mais \u00e9galement dans la suite du parcours (orientations m\u00e9dico-sociales, constitution des dossiers MDPH, recherche et inscription dans les structures adapt\u00e9es, &#8230;), <\/li>\n<li> Assurer une \u00e9coute et un soutien aux familles. <\/li>\n<\/ul>\n<p><strong> Assurer une fonction \u00ab ressource \u00bb : <\/strong><\/p>\n<ul>\n<li>Proposer le renfort des connaissances des TND aux acteurs de 1\u00e8re ligne et aux partenaires de 2\u00e8me ligne via la proposition d\u2019actions de sensibilisations et de formations, <\/li>\n<li>Appui des professionnels de 1res lignes et de l\u2019\u00e9ducation nationale, souhaitant orienter un enfant vers des interventions pr\u00e9coces,<\/li>\n<li> Identifier et orienter vers les ressources du territoire<\/li>\n<\/ul>\n<p>[\/et_pb_accordion_item][et_pb_accordion_item title=\u00a0\u00bbComment fonctionne la PCO ?\u00a0\u00bb _builder_version=\u00a0\u00bb4.27.5&Prime; _module_preset=\u00a0\u00bbdefault\u00a0\u00bb global_colors_info=\u00a0\u00bb{}\u00a0\u00bb open=\u00a0\u00bboff\u00a0\u00bb]<\/p>\n<ul>\n<li>Suite \u00e0 un adressage par le m\u00e9decin traitant, apr\u00e8s compl\u00e9tion des 3 livrets de rep\u00e9rages (par la famille, l\u2019\u00e9cole et le m\u00e9decin).<\/li>\n<li>A partir de l\u2019\u00e9tude de ces livrets, des bilans d\u00e9j\u00e0 existants et des pi\u00e8ces compl\u00e9mentaires communiqu\u00e9es, le dossier est pr\u00e9sent\u00e9 en Commission M\u00e9dicale d\u2019Admission<\/li>\n<li>En cas de validation, le m\u00e9decin de la PCO r\u00e9alise des pr\u00e9conisations de bilans et de suivis par des professionnels m\u00e9dicaux et param\u00e9dicaux. Pour les professionnels non conventionn\u00e9s par l\u2019assurance maladie (psychomotricit\u00e9, ergoth\u00e9rapeute et psychologue), des forfaits d\u2019intervention sont d\u00e9bloqu\u00e9s pour<span>\u00a0<\/span><strong><u>1 ann\u00e9e<\/u><\/strong>, exceptionnellement renouvelable 1 fois.<\/li>\n<li>Une Synth\u00e8se M\u00e9dicale est propos\u00e9e au cours du parcours pour r\u00e9\u00e9valuer le parcours de l\u2019enfant, pr\u00e9parer l\u2019apr\u00e8s-PCO et envisager une pose de diagnostic lorsque cela est possible.<\/li>\n<\/ul>\n<p>[\/et_pb_accordion_item][et_pb_accordion_item title=\u00a0\u00bbL&rsquo;\u00e9quipe de la PCO 7-12 ans\u00a0\u00bb _builder_version=\u00a0\u00bb4.27.5&Prime; _module_preset=\u00a0\u00bbdefault\u00a0\u00bb global_colors_info=\u00a0\u00bb{}\u00a0\u00bb open=\u00a0\u00bboff\u00a0\u00bb]<\/p>\n<ul>\n<li>1 directrice<\/li>\n<li>1 cheffe de service<\/li>\n<li>1 m\u00e9decin coordinateur (1 jour\/semaine)<\/li>\n<li>1 r\u00e9f\u00e9rente socio-\u00e9ducative<\/li>\n<li>2 r\u00e9f\u00e9rentes de parcours \u00e0 temps partiel<\/li>\n<li>1 assistante sociale<\/li>\n<li>2 secr\u00e9taires m\u00e9dicales<\/li>\n<\/ul>\n<p>[\/et_pb_accordion_item][et_pb_accordion_item title=\u00a0\u00bbT\u00e9l\u00e9charger les documents de rep\u00e9rage\u00a0\u00bb open=\u00a0\u00bbon\u00a0\u00bb _builder_version=\u00a0\u00bb4.27.5&Prime; _module_preset=\u00a0\u00bbdefault\u00a0\u00bb hover_enabled=\u00a0\u00bb0&Prime; global_colors_info=\u00a0\u00bb{}\u00a0\u00bb sticky_enabled=\u00a0\u00bb0&Prime;]<\/p>\n<p>Cliquez sur le document vous concernant pour pouvoir le t\u00e9l\u00e9charger.\u00a0<\/p>\n<p><a href=\"https:\/\/www.pep62.fr\/pep62\/wp-content\/uploads\/2026\/04\/02-Volet-Medecin-7-12.pdf\">A compl\u00e9ter par le m\u00e9decin<\/a><\/p>\n<p><a href=\"https:\/\/www.pep62.fr\/pep62\/wp-content\/uploads\/2026\/04\/03-Volet-Enseignant-7-12.pdf\">A compl\u00e9ter par l&rsquo;enseignant<\/a><\/p>\n<p><a href=\"https:\/\/www.pep62.fr\/pep62\/wp-content\/uploads\/2026\/04\/04-Volet-Famille-7-12.pdf\">A compl\u00e9ter par la famille<\/a><\/p>\n<p><span>Les fiches contacts famille ou ASE (selon la situation de l\u2019enfant) sont \u00e0 remplir et \u00e0 envoyer en format PDF uniquement :\u00a0<\/span><\/p>\n<div class=\"et_pb_row et_pb_row_8\">\n<ul>\n<li>\n<div class=\"et_pb_column et_pb_column_4_4 et_pb_column_12 et_pb_css_mix_blend_mode_passthrough et-last-child\"><a href=\"https:\/\/www.pep62.fr\/pep62\/wp-content\/uploads\/2026\/03\/05-Fiches-contacts-FAMILLE-1.pdf\" rel=\"attachment wp-att-10432\">Fiche contact &#8211; Famille<\/a><\/div>\n<\/li>\n<li><a href=\"https:\/\/www.pep62.fr\/pep62\/wp-content\/uploads\/2026\/03\/05-Fiches-contacts-ASE-1.pdf\" rel=\"attachment wp-att-10433\">Fiche contact &#8211; ASE<\/a><\/li>\n<\/ul>\n<\/div>\n<div class=\"et_pb_row et_pb_row_9\">\n<div class=\"et_pb_column et_pb_column_1_2 et_pb_column_13 et_pb_css_mix_blend_mode_passthrough\">\n<div class=\"et_pb_module et_pb_image et_pb_image_2\"><a href=\"https:\/\/www.pep62.fr\/pep62\/wp-content\/uploads\/2026\/04\/Livret-de-reperage-0-6.pdf\">Livret de rep\u00e9rage &#8211; 0-6 ans<\/a><\/div>\n<div class=\"et_pb_module et_pb_image et_pb_image_2\"><a href=\"https:\/\/www.pep62.fr\/pep62\/wp-content\/uploads\/2026\/03\/Mode-demploi-Livret-reperage-7-12-ans-1.pdf\" rel=\"attachment wp-att-10434\">Livret de rep\u00e9rage des Troubles du Neuro D\u00e9veloppement &#8211; 7-12 ans<\/a><\/div>\n<\/div>\n<\/div>\n<p>[\/et_pb_accordion_item][et_pb_accordion_item title=\u00a0\u00bbContacts\u00a0\u00bb _builder_version=\u00a0\u00bb4.27.5&Prime; _module_preset=\u00a0\u00bbdefault\u00a0\u00bb global_colors_info=\u00a0\u00bb{}\u00a0\u00bb open=\u00a0\u00bboff\u00a0\u00bb]<\/p>\n<p>La PCO 7\/12 ans est joignable :<\/p>\n<ul>\n<li>par mail :\u00a0<a href=\"mailto:pco.712@pep62.fr\">pco.712@pep62.fr<\/a><\/li>\n<li>par t\u00e9l\u00e9phone : 03 61 47 81 53<\/li>\n<li>par courrier : <br \/>PCO62 Int\u00e9rieur<br \/>Service 7-12 ans<br \/>1 bis rue de l\u2019origan<br \/>Parc des Bonnettes<br \/>62000 Arras<\/li>\n<\/ul>\n<p>[\/et_pb_accordion_item][\/et_pb_accordion][\/et_pb_column][\/et_pb_row][et_pb_row _builder_version=\u00a0\u00bb4.27.5&Prime; _module_preset=\u00a0\u00bbdefault\u00a0\u00bb global_colors_info=\u00a0\u00bb{}\u00a0\u00bb][et_pb_column type=\u00a0\u00bb4_4&Prime; _builder_version=\u00a0\u00bb4.27.5&Prime; _module_preset=\u00a0\u00bbdefault\u00a0\u00bb global_colors_info=\u00a0\u00bb{}\u00a0\u00bb][\/et_pb_column][\/et_pb_row][\/et_pb_section]<\/p>\n","protected":false},"excerpt":{"rendered":"<p>La PCO Int\u00e9rieur 62 (0-6 ans et 7-12 ans)La PCO Int\u00e9rieur 62 (0-6 ans et 7-12 ans) intervient Ouverte depuis janvier 2021, la PCO (Plateforme de Coordination et d\u2019Orientation)\u00a0s\u2019adresse aux jeunes enfants de 0 \u00e0 6 ans pour lesquels l\u2019entourage et\/ou le m\u00e9decin suspectent un possible TND (Trouble Neuro-D\u00e9veloppemental), dans le cadre d\u2019un\u00a0parcours de bilan\u00a0et\u00a0d\u2019interventions [&hellip;]<\/p>\n","protected":false},"author":17,"featured_media":0,"parent":6162,"menu_order":0,"comment_status":"closed","ping_status":"closed","template":"","meta":{"_et_pb_use_builder":"on","_et_pb_old_content":"","_et_gb_content_width":"","footnotes":""},"class_list":["post-10417","page","type-page","status-publish","hentry"],"_links":{"self":[{"href":"https:\/\/www.pep62.fr\/pep62\/wp-json\/wp\/v2\/pages\/10417","targetHints":{"allow":["GET"]}}],"collection":[{"href":"https:\/\/www.pep62.fr\/pep62\/wp-json\/wp\/v2\/pages"}],"about":[{"href":"https:\/\/www.pep62.fr\/pep62\/wp-json\/wp\/v2\/types\/page"}],"author":[{"embeddable":true,"href":"https:\/\/www.pep62.fr\/pep62\/wp-json\/wp\/v2\/users\/17"}],"replies":[{"embeddable":true,"href":"https:\/\/www.pep62.fr\/pep62\/wp-json\/wp\/v2\/comments?post=10417"}],"version-history":[{"count":12,"href":"https:\/\/www.pep62.fr\/pep62\/wp-json\/wp\/v2\/pages\/10417\/revisions"}],"predecessor-version":[{"id":10515,"href":"https:\/\/www.pep62.fr\/pep62\/wp-json\/wp\/v2\/pages\/10417\/revisions\/10515"}],"up":[{"embeddable":true,"href":"https:\/\/www.pep62.fr\/pep62\/wp-json\/wp\/v2\/pages\/6162"}],"wp:attachment":[{"href":"https:\/\/www.pep62.fr\/pep62\/wp-json\/wp\/v2\/media?parent=10417"}],"curies":[{"name":"wp","href":"https:\/\/api.w.org\/{rel}","templated":true}]}}