{"id":378,"date":"2017-10-31T17:26:53","date_gmt":"2017-10-31T16:26:53","guid":{"rendered":"http:\/\/sites.startmeup.website\/pep62\/?page_id=378"},"modified":"2024-12-03T11:10:03","modified_gmt":"2024-12-03T10:10:03","slug":"parentalite","status":"publish","type":"page","link":"https:\/\/www.pep62.fr\/pep62\/parentalite\/","title":{"rendered":"Parentalit\u00e9"},"content":{"rendered":"<p>[et_pb_section fb_built=\u00a0\u00bb1&Prime; _builder_version=\u00a0\u00bb4.16&Prime; custom_padding=\u00a0\u00bb||54px|||\u00a0\u00bb global_colors_info=\u00a0\u00bb{}\u00a0\u00bb][et_pb_row _builder_version=\u00a0\u00bb4.16&Prime; background_size=\u00a0\u00bbinitial\u00a0\u00bb background_position=\u00a0\u00bbtop_left\u00a0\u00bb background_repeat=\u00a0\u00bbrepeat\u00a0\u00bb custom_margin=\u00a0\u00bb-34px|auto||auto||\u00a0\u00bb custom_padding=\u00a0\u00bb10px|||||\u00a0\u00bb global_colors_info=\u00a0\u00bb{}\u00a0\u00bb][et_pb_column type=\u00a0\u00bb4_4&Prime; _builder_version=\u00a0\u00bb4.16&Prime; custom_padding=\u00a0\u00bb|||\u00a0\u00bb global_colors_info=\u00a0\u00bb{}\u00a0\u00bb custom_padding__hover=\u00a0\u00bb|||\u00a0\u00bb][et_pb_text admin_label=\u00a0\u00bbParentalit\u00e9\u00a0\u00bb _builder_version=\u00a0\u00bb4.19.2&Prime; global_colors_info=\u00a0\u00bb{}\u00a0\u00bb]<\/p>\n<h3><strong>Parentalit\u00e9<\/strong><\/h3>\n<p>[\/et_pb_text][\/et_pb_column][\/et_pb_row][et_pb_row _builder_version=\u00a0\u00bb4.19.2&Prime; _module_preset=\u00a0\u00bbdefault\u00a0\u00bb global_colors_info=\u00a0\u00bb{}\u00a0\u00bb][et_pb_column type=\u00a0\u00bb4_4&Prime; _builder_version=\u00a0\u00bb4.19.2&Prime; _module_preset=\u00a0\u00bbdefault\u00a0\u00bb global_colors_info=\u00a0\u00bb{}\u00a0\u00bb][et_pb_divider _builder_version=\u00a0\u00bb4.19.2&Prime; _module_preset=\u00a0\u00bbdefault\u00a0\u00bb custom_margin=\u00a0\u00bb-20px|||||\u00a0\u00bb global_colors_info=\u00a0\u00bb{}\u00a0\u00bb][\/et_pb_divider][\/et_pb_column][\/et_pb_row][et_pb_row column_structure=\u00a0\u00bb1_2,1_2&Prime; _builder_version=\u00a0\u00bb4.16&Prime; background_size=\u00a0\u00bbinitial\u00a0\u00bb background_position=\u00a0\u00bbtop_left\u00a0\u00bb background_repeat=\u00a0\u00bbrepeat\u00a0\u00bb global_colors_info=\u00a0\u00bb{}\u00a0\u00bb][et_pb_column type=\u00a0\u00bb1_2&Prime; _builder_version=\u00a0\u00bb4.16&Prime; custom_padding=\u00a0\u00bb|||\u00a0\u00bb global_colors_info=\u00a0\u00bb{}\u00a0\u00bb custom_padding__hover=\u00a0\u00bb|||\u00a0\u00bb][et_pb_text _builder_version=\u00a0\u00bb4.19.2&Prime; custom_margin=\u00a0\u00bb-22px|||||\u00a0\u00bb global_colors_info=\u00a0\u00bb{}\u00a0\u00bb]<\/p>\n<p><span style=\"color: #003366;\">Devenue une question majeure de sant\u00e9 publique, la parentalit\u00e9 est une dimension de fait omnipr\u00e9sente dans l\u2019accompagnement des diff\u00e9rents publics au sein de nos \u00e9tablissements sociaux et m\u00e9dico-sociaux, mais \u00e9galement au sein de nos services d\u2019action sociale, d\u2019action p\u00e9dagogique et de notre service vacances.<\/span><\/p>\n<p><span style=\"color: #003366;\">Ainsi, diff\u00e9rentes approches de la parentalit\u00e9 s\u2019exercent au sein des CAMSP, SESSAD, CMPP et de la Maison d\u2019enfants, et les dispositifs de soutien s\u2019y affirment comme \u00e9tant l\u2019une des missions premi\u00e8res des \u00e9quipes, qu\u2019il s\u2019agisse d\u2019annoncer le handicap d\u2019un enfant \u00e0 ses parents, de les accompagner psychologiquement, administrativement et socialement, ou encore de prodiguer \u00e9coute active et conseils dans les pratiques \u00e9ducatives et dans des situations familiales complexes.<\/span><\/p>\n<p>[\/et_pb_text][\/et_pb_column][et_pb_column type=\u00a0\u00bb1_2&Prime; _builder_version=\u00a0\u00bb4.16&Prime; custom_padding=\u00a0\u00bb|||\u00a0\u00bb global_colors_info=\u00a0\u00bb{}\u00a0\u00bb custom_padding__hover=\u00a0\u00bb|||\u00a0\u00bb][et_pb_image src=\u00a0\u00bbhttps:\/\/www.pep62.fr\/pep62\/wp-content\/uploads\/2018\/01\/parentalite_mains.jpg\u00a0\u00bb align_tablet=\u00a0\u00bbcenter\u00a0\u00bb align_phone=\u00a0\u00bb\u00a0\u00bb align_last_edited=\u00a0\u00bbon|desktop\u00a0\u00bb _builder_version=\u00a0\u00bb4.16&Prime; global_colors_info=\u00a0\u00bb{}\u00a0\u00bb][\/et_pb_image][\/et_pb_column][\/et_pb_row][et_pb_row _builder_version=\u00a0\u00bb4.19.2&Prime; _module_preset=\u00a0\u00bbdefault\u00a0\u00bb global_colors_info=\u00a0\u00bb{}\u00a0\u00bb][et_pb_column type=\u00a0\u00bb4_4&Prime; _builder_version=\u00a0\u00bb4.19.2&Prime; _module_preset=\u00a0\u00bbdefault\u00a0\u00bb global_colors_info=\u00a0\u00bb{}\u00a0\u00bb][et_pb_text _builder_version=\u00a0\u00bb4.19.2&Prime; _module_preset=\u00a0\u00bbdefault\u00a0\u00bb global_colors_info=\u00a0\u00bb{}\u00a0\u00bb]<\/p>\n<p><span style=\"color: #003366;\">Parfois conduites de fa\u00e7on originale et sous la forme d\u2019ateliers\u00a0: portage b\u00e9b\u00e9, massage b\u00e9b\u00e9, caf\u00e9 des parents, jeux coop\u00e9ratifs, etc. les actions dite de parentalit\u00e9 ont \u00e9galement pris une forme beaucoup plus structur\u00e9e, b\u00e9n\u00e9ficiant de financements sp\u00e9cifiques de la part de nos financeurs que sont le D\u00e9partement, l\u2019Agence R\u00e9gionale de Sant\u00e9 et la Caisse d\u2019Allocations Familiales.<\/span><\/p>\n<p><span style=\"color: #003366;\">C&rsquo;est le cas des Lieux d&rsquo;Accueil Enfants Parents, espaces d&rsquo;\u00e9coute, de jeu, d&rsquo;\u00e9change et de libert\u00e9 port\u00e9s par diff\u00e9rents partenaires institutionnels et associatifs et au sein desquels les PEP 62 interviennent, assurant la co-animation au travers de la pr\u00e9sence de professionnels (\u00e9ducateurs, assistants sociaux, etc.).<\/span><\/p>\n<p>[\/et_pb_text][\/et_pb_column][\/et_pb_row][\/et_pb_section][et_pb_section fb_built=\u00a0\u00bb1&Prime; module_class=\u00a0\u00bbfond-gris\u00a0\u00bb _builder_version=\u00a0\u00bb4.19.2&Prime; background_color=\u00a0\u00bb#D2E4F9&Prime; custom_padding=\u00a0\u00bb19px||44px|||\u00a0\u00bb global_colors_info=\u00a0\u00bb{}\u00a0\u00bb][et_pb_row _builder_version=\u00a0\u00bb4.16&Prime; background_size=\u00a0\u00bbinitial\u00a0\u00bb background_position=\u00a0\u00bbtop_left\u00a0\u00bb background_repeat=\u00a0\u00bbrepeat\u00a0\u00bb global_colors_info=\u00a0\u00bb{}\u00a0\u00bb][et_pb_column type=\u00a0\u00bb4_4&Prime; _builder_version=\u00a0\u00bb4.16&Prime; custom_padding=\u00a0\u00bb|||\u00a0\u00bb global_colors_info=\u00a0\u00bb{}\u00a0\u00bb custom_padding__hover=\u00a0\u00bb|||\u00a0\u00bb][et_pb_text admin_label=\u00a0\u00bbLAEP\u00a0\u00bb _builder_version=\u00a0\u00bb4.19.2&Prime; global_colors_info=\u00a0\u00bb{}\u00a0\u00bb]<\/p>\n<h3><span style=\"color: #003366;\"><strong>Les LAEP (Lieux d&rsquo;Accueil Enfants Parents)<\/strong><\/span><\/h3>\n<p>[\/et_pb_text][\/et_pb_column][\/et_pb_row][et_pb_row _builder_version=\u00a0\u00bb4.19.2&Prime; _module_preset=\u00a0\u00bbdefault\u00a0\u00bb custom_margin=\u00a0\u00bb|auto|-20px|auto||\u00a0\u00bb global_colors_info=\u00a0\u00bb{}\u00a0\u00bb][et_pb_column type=\u00a0\u00bb4_4&Prime; _builder_version=\u00a0\u00bb4.19.2&Prime; _module_preset=\u00a0\u00bbdefault\u00a0\u00bb global_colors_info=\u00a0\u00bb{}\u00a0\u00bb][et_pb_divider color=\u00a0\u00bb#00457A\u00a0\u00bb _builder_version=\u00a0\u00bb4.19.2&Prime; _module_preset=\u00a0\u00bbdefault\u00a0\u00bb custom_margin=\u00a0\u00bb-22px|||||\u00a0\u00bb global_colors_info=\u00a0\u00bb{}\u00a0\u00bb][\/et_pb_divider][\/et_pb_column][\/et_pb_row][et_pb_row column_structure=\u00a0\u00bb1_4,1_4,1_4,1_4&Prime; _builder_version=\u00a0\u00bb4.16&Prime; background_size=\u00a0\u00bbinitial\u00a0\u00bb background_position=\u00a0\u00bbtop_left\u00a0\u00bb background_repeat=\u00a0\u00bbrepeat\u00a0\u00bb global_colors_info=\u00a0\u00bb{}\u00a0\u00bb][et_pb_column type=\u00a0\u00bb1_4&Prime; _builder_version=\u00a0\u00bb4.16&Prime; custom_padding=\u00a0\u00bb|||\u00a0\u00bb global_colors_info=\u00a0\u00bb{}\u00a0\u00bb custom_padding__hover=\u00a0\u00bb|||\u00a0\u00bb][\/et_pb_column][et_pb_column type=\u00a0\u00bb1_4&Prime; _builder_version=\u00a0\u00bb4.16&Prime; custom_padding=\u00a0\u00bb|||\u00a0\u00bb global_colors_info=\u00a0\u00bb{}\u00a0\u00bb custom_padding__hover=\u00a0\u00bb|||\u00a0\u00bb][et_pb_blurb title=\u00a0\u00bbCalidou &#8211; Noyelles-sous-Lens\u00a0\u00bb image=\u00a0\u00bbhttps:\/\/www.pep62.fr\/pep62\/wp-content\/uploads\/2018\/01\/calidou.jpg\u00a0\u00bb admin_label=\u00a0\u00bbNoyelles\u00a0\u00bb _builder_version=\u00a0\u00bb4.19.2&Prime; background_color=\u00a0\u00bb#ffffff\u00a0\u00bb custom_padding=\u00a0\u00bb30px|10px|10px|10px||\u00a0\u00bb box_shadow_style=\u00a0\u00bbpreset1&Prime; global_colors_info=\u00a0\u00bb{}\u00a0\u00bb]<\/p>\n<p><i class=\"fas fa-envelope\"><\/i> <span style=\"color: #003366;\">8 rue du Mar\u00e9chal Leclerc, 62 221 Noyelles-sous-Lens<\/span><br \/><span style=\"color: #003366;\"><i class=\"fas fa-phone-alt\"><\/i> 03 21 13 76 76<\/span><br \/><span style=\"color: #003366;\"><i class=\"fas fa-at\"><\/i><a href=\"mailto:camsp.henin@pep62.fr\" target=\"_blank\" rel=\"noopener noreferrer\" style=\"color: #003366;\"> camsp.henin@pep62.fr<\/a><\/span><br \/><span style=\"color: #003366;\"><i class=\"fas fa-user-tie\"><\/i><strong> Responsable :<\/strong> Olivier GOFFART<\/span><\/p>\n<p>[\/et_pb_blurb][\/et_pb_column][et_pb_column type=\u00a0\u00bb1_4&Prime; _builder_version=\u00a0\u00bb4.16&Prime; custom_padding=\u00a0\u00bb|||\u00a0\u00bb global_colors_info=\u00a0\u00bb{}\u00a0\u00bb custom_padding__hover=\u00a0\u00bb|||\u00a0\u00bb][et_pb_blurb title=\u00a0\u00bbLa parenth\u00e8se &#8211; LE Portel\u00a0\u00bb image=\u00a0\u00bbhttps:\/\/www.pep62.fr\/pep62\/wp-content\/uploads\/2018\/01\/Webp.net-resizeimage.jpg\u00a0\u00bb admin_label=\u00a0\u00bbBoulogne\u00a0\u00bb _builder_version=\u00a0\u00bb4.19.2&Prime; background_color=\u00a0\u00bb#ffffff\u00a0\u00bb custom_padding=\u00a0\u00bb10px|10px|10px|10px\u00a0\u00bb box_shadow_style=\u00a0\u00bbpreset1&Prime; global_colors_info=\u00a0\u00bb{}\u00a0\u00bb]<\/p>\n<p><i class=\"fas fa-envelope\"><\/i> <span style=\"color: #003366;\">180 rue Carnot,<\/span><br \/><span style=\"color: #003366;\">62 480 Le Portel<\/span><br \/><span style=\"color: #003366;\"><i class=\"fas fa-phone-alt\"><\/i> 03 21 80 62 87<\/span><br \/><span style=\"color: #003366;\"><i class=\"fas fa-at\"><\/i><a href=\"mailto:camsp.boulogne@pep62.fr\" target=\"_blank\" rel=\"noopener noreferrer\" style=\"color: #003366;\"> camsp.boulogne@pep62.fr<\/a><\/span><\/p>\n<p>[\/et_pb_blurb][\/et_pb_column][et_pb_column type=\u00a0\u00bb1_4&Prime; _builder_version=\u00a0\u00bb4.16&Prime; custom_padding=\u00a0\u00bb|||\u00a0\u00bb global_colors_info=\u00a0\u00bb{}\u00a0\u00bb custom_padding__hover=\u00a0\u00bb|||\u00a0\u00bb][\/et_pb_column][\/et_pb_row][\/et_pb_section]<\/p>\n","protected":false},"excerpt":{"rendered":"<p>Parentalit\u00e9Devenue une question majeure de sant\u00e9 publique, la parentalit\u00e9 est une dimension de fait omnipr\u00e9sente dans l\u2019accompagnement des diff\u00e9rents publics au sein de nos \u00e9tablissements sociaux et m\u00e9dico-sociaux, mais \u00e9galement au sein de nos services d\u2019action sociale, d\u2019action p\u00e9dagogique et de notre service vacances. Ainsi, diff\u00e9rentes approches de la parentalit\u00e9 s\u2019exercent au sein des CAMSP, [&hellip;]<\/p>\n","protected":false},"author":13,"featured_media":0,"parent":0,"menu_order":0,"comment_status":"closed","ping_status":"closed","template":"","meta":{"_et_pb_use_builder":"on","_et_pb_old_content":"","_et_gb_content_width":"","footnotes":""},"class_list":["post-378","page","type-page","status-publish","hentry"],"_links":{"self":[{"href":"https:\/\/www.pep62.fr\/pep62\/wp-json\/wp\/v2\/pages\/378","targetHints":{"allow":["GET"]}}],"collection":[{"href":"https:\/\/www.pep62.fr\/pep62\/wp-json\/wp\/v2\/pages"}],"about":[{"href":"https:\/\/www.pep62.fr\/pep62\/wp-json\/wp\/v2\/types\/page"}],"author":[{"embeddable":true,"href":"https:\/\/www.pep62.fr\/pep62\/wp-json\/wp\/v2\/users\/13"}],"replies":[{"embeddable":true,"href":"https:\/\/www.pep62.fr\/pep62\/wp-json\/wp\/v2\/comments?post=378"}],"version-history":[{"count":7,"href":"https:\/\/www.pep62.fr\/pep62\/wp-json\/wp\/v2\/pages\/378\/revisions"}],"predecessor-version":[{"id":8359,"href":"https:\/\/www.pep62.fr\/pep62\/wp-json\/wp\/v2\/pages\/378\/revisions\/8359"}],"wp:attachment":[{"href":"https:\/\/www.pep62.fr\/pep62\/wp-json\/wp\/v2\/media?parent=378"}],"curies":[{"name":"wp","href":"https:\/\/api.w.org\/{rel}","templated":true}]}}

Parentalité

<p>[et_pb_section fb_built= »1&Prime; _builder_version= »4.16&Prime; custom_padding= »||54px||| » global_colors_info= »{} »][et_pb_row _builder_version= »4.16&Prime; background_size= »initial » background_position= »top_left » background_repeat= »repeat » custom_margin= »-34px|auto||auto|| » custom_padding= »10px||||| » global_colors_info= »{} »][et_pb_column type= »4_4&Prime; _builder_version= »4.16&Prime; custom_padding= »||| » global_colors_info= »{} » custom_padding__hover= »||| »][et_pb_text admin_label= »Parentalité » _builder_version= »4.19.2&Prime; global_colors_info= »{} »]</p>
<h3><strong>Parentalité</strong></h3>
<p>[/et_pb_text][/et_pb_column][/et_pb_row][et_pb_row _builder_version= »4.19.2&Prime; _module_preset= »default » global_colors_info= »{} »][et_pb_column type= »4_4&Prime; _builder_version= »4.19.2&Prime; _module_preset= »default » global_colors_info= »{} »][et_pb_divider _builder_version= »4.19.2&Prime; _module_preset= »default » custom_margin= »-20px||||| » global_colors_info= »{} »][/et_pb_divider][/et_pb_column][/et_pb_row][et_pb_row column_structure= »1_2,1_2&Prime; _builder_version= »4.16&Prime; background_size= »initial » background_position= »top_left » background_repeat= »repeat » global_colors_info= »{} »][et_pb_column type= »1_2&Prime; _builder_version= »4.16&Prime; custom_padding= »||| » global_colors_info= »{} » custom_padding__hover= »||| »][et_pb_text _builder_version= »4.19.2&Prime; custom_margin= »-22px||||| » global_colors_info= »{} »]</p>
<p><span style="color: #003366;">Devenue une question majeure de santé publique, la parentalité est une dimension de fait omniprésente dans l’accompagnement des différents publics au sein de nos établissements sociaux et médico-sociaux, mais également au sein de nos services d’action sociale, d’action pédagogique et de notre service vacances.</span></p>
<p><span style="color: #003366;">Ainsi, différentes approches de la parentalité s’exercent au sein des CAMSP, SESSAD, CMPP et de la Maison d’enfants, et les dispositifs de soutien s’y affirment comme étant l’une des missions premières des équipes, qu’il s’agisse d’annoncer le handicap d’un enfant à ses parents, de les accompagner psychologiquement, administrativement et socialement, ou encore de prodiguer écoute active et conseils dans les pratiques éducatives et dans des situations familiales complexes.</span></p>
<p>[/et_pb_text][/et_pb_column][et_pb_column type= »1_2&Prime; _builder_version= »4.16&Prime; custom_padding= »||| » global_colors_info= »{} » custom_padding__hover= »||| »][et_pb_image src= »https://www.pep62.fr/pep62/wp-content/uploads/2018/01/parentalite_mains.jpg » align_tablet= »center » align_phone= » » align_last_edited= »on|desktop » _builder_version= »4.16&Prime; global_colors_info= »{} »][/et_pb_image][/et_pb_column][/et_pb_row][et_pb_row _builder_version= »4.19.2&Prime; _module_preset= »default » global_colors_info= »{} »][et_pb_column type= »4_4&Prime; _builder_version= »4.19.2&Prime; _module_preset= »default » global_colors_info= »{} »][et_pb_text _builder_version= »4.19.2&Prime; _module_preset= »default » global_colors_info= »{} »]</p>
<p><span style="color: #003366;">Parfois conduites de façon originale et sous la forme d’ateliers : portage bébé, massage bébé, café des parents, jeux coopératifs, etc. les actions dite de parentalité ont également pris une forme beaucoup plus structurée, bénéficiant de financements spécifiques de la part de nos financeurs que sont le Département, l’Agence Régionale de Santé et la Caisse d’Allocations Familiales.</span></p>
<p><span style="color: #003366;">C&rsquo;est le cas des Lieux d&rsquo;Accueil Enfants Parents, espaces d&rsquo;écoute, de jeu, d&rsquo;échange et de liberté portés par différents partenaires institutionnels et associatifs et au sein desquels les PEP 62 interviennent, assurant la co-animation au travers de la présence de professionnels (éducateurs, assistants sociaux, etc.).</span></p>
<p>[/et_pb_text][/et_pb_column][/et_pb_row][/et_pb_section][et_pb_section fb_built= »1&Prime; module_class= »fond-gris » _builder_version= »4.19.2&Prime; background_color= »#D2E4F9&Prime; custom_padding= »19px||44px||| » global_colors_info= »{} »][et_pb_row _builder_version= »4.16&Prime; background_size= »initial » background_position= »top_left » background_repeat= »repeat » global_colors_info= »{} »][et_pb_column type= »4_4&Prime; _builder_version= »4.16&Prime; custom_padding= »||| » global_colors_info= »{} » custom_padding__hover= »||| »][et_pb_text admin_label= »LAEP » _builder_version= »4.19.2&Prime; global_colors_info= »{} »]</p>
<h3><span style="color: #003366;"><strong>Les LAEP (Lieux d&rsquo;Accueil Enfants Parents)</strong></span></h3>
<p>[/et_pb_text][/et_pb_column][/et_pb_row][et_pb_row _builder_version= »4.19.2&Prime; _module_preset= »default » custom_margin= »|auto|-20px|auto|| » global_colors_info= »{} »][et_pb_column type= »4_4&Prime; _builder_version= »4.19.2&Prime; _module_preset= »default » global_colors_info= »{} »][et_pb_divider color= »#00457A » _builder_version= »4.19.2&Prime; _module_preset= »default » custom_margin= »-22px||||| » global_colors_info= »{} »][/et_pb_divider][/et_pb_column][/et_pb_row][et_pb_row column_structure= »1_4,1_4,1_4,1_4&Prime; _builder_version= »4.16&Prime; background_size= »initial » background_position= »top_left » background_repeat= »repeat » global_colors_info= »{} »][et_pb_column type= »1_4&Prime; _builder_version= »4.16&Prime; custom_padding= »||| » global_colors_info= »{} » custom_padding__hover= »||| »][/et_pb_column][et_pb_column type= »1_4&Prime; _builder_version= »4.16&Prime; custom_padding= »||| » global_colors_info= »{} » custom_padding__hover= »||| »][et_pb_blurb title= »Calidou &#8211; Noyelles-sous-Lens » image= »https://www.pep62.fr/pep62/wp-content/uploads/2018/01/calidou.jpg » admin_label= »Noyelles » _builder_version= »4.19.2&Prime; background_color= »#ffffff » custom_padding= »30px|10px|10px|10px|| » box_shadow_style= »preset1&Prime; global_colors_info= »{} »]</p>
<p><i class="fas fa-envelope"></i> <span style="color: #003366;">8 rue du Maréchal Leclerc, 62 221 Noyelles-sous-Lens</span><br /><span style="color: #003366;"><i class="fas fa-phone-alt"></i> 03 21 13 76 76</span><br /><span style="color: #003366;"><i class="fas fa-at"></i><a href="mailto:camsp.henin@pep62.fr" target="_blank" rel="noopener noreferrer" style="color: #003366;"> camsp.henin@pep62.fr</a></span><br /><span style="color: #003366;"><i class="fas fa-user-tie"></i><strong> Responsable :</strong> Olivier GOFFART</span></p>
<p>[/et_pb_blurb][/et_pb_column][et_pb_column type= »1_4&Prime; _builder_version= »4.16&Prime; custom_padding= »||| » global_colors_info= »{} » custom_padding__hover= »||| »][et_pb_blurb title= »La parenthèse &#8211; LE Portel » image= »https://www.pep62.fr/pep62/wp-content/uploads/2018/01/Webp.net-resizeimage.jpg » admin_label= »Boulogne » _builder_version= »4.19.2&Prime; background_color= »#ffffff » custom_padding= »10px|10px|10px|10px » box_shadow_style= »preset1&Prime; global_colors_info= »{} »]</p>
<p><i class="fas fa-envelope"></i> <span style="color: #003366;">180 rue Carnot,</span><br /><span style="color: #003366;">62 480 Le Portel</span><br /><span style="color: #003366;"><i class="fas fa-phone-alt"></i> 03 21 80 62 87</span><br /><span style="color: #003366;"><i class="fas fa-at"></i><a href="mailto:camsp.boulogne@pep62.fr" target="_blank" rel="noopener noreferrer" style="color: #003366;"> camsp.boulogne@pep62.fr</a></span></p>
<p>[/et_pb_blurb][/et_pb_column][et_pb_column type= »1_4&Prime; _builder_version= »4.16&Prime; custom_padding= »||| » global_colors_info= »{} » custom_padding__hover= »||| »][/et_pb_column][/et_pb_row][/et_pb_section]</p>

<p>ParentalitéDevenue une question majeure de santé publique, la parentalité est une dimension de fait omniprésente dans l’accompagnement des différents publics au sein de nos établissements sociaux et médico-sociaux, mais également au sein de nos services d’action sociale, d’action pédagogique et de notre service vacances. Ainsi, différentes approches de la parentalité s’exercent au sein des CAMSP, [&hellip;]</p>
