{"id":8588,"date":"2025-01-07T16:58:52","date_gmt":"2025-01-07T15:58:52","guid":{"rendered":"https:\/\/www.pep62.fr\/pep62\/?page_id=8588"},"modified":"2025-05-23T10:39:57","modified_gmt":"2025-05-23T08:39:57","slug":"camsp-dhenin-beaumont","status":"publish","type":"page","link":"https:\/\/www.pep62.fr\/pep62\/nos-structures\/camsp\/camsp-dhenin-beaumont\/","title":{"rendered":"CAMSP d&rsquo;H\u00e9nin-Beaumont"},"content":{"rendered":"<p>Le <strong>CAMSP d\u2019H\u00e9nin-Beaumont<\/strong>, en sa qualit\u00e9 de CAMSP polyvalent, a pour vocation l\u2019accompagnement de <strong>103 enfants de 0 \u00e0 6 ans<\/strong> en situation de handicap ou pr\u00e9sentant un risque de d\u00e9velopper un handicap.<\/p>\n<p>Les missions du CAMSP d\u2019H\u00e9nin-Beaumont rel\u00e8vent de la pr\u00e9vention, du d\u00e9pistage, et de la r\u00e9\u00e9ducation. Le CAMSP est polyvalent, il permet \u00e0 ces enfants en difficult\u00e9 d\u2019\u00eatre pris en charge en cure ambulatoire, les parents b\u00e9n\u00e9ficiant simultan\u00e9ment d\u2019une action de conseil et de soutien. La polyvalence du CAMSP favorise l\u2019approche globale de l\u2019enfant en prenant en compte sa probl\u00e9matique individuelle, son environnement familial et social. Le d\u00e9pistage, le traitement et la r\u00e9\u00e9ducation sont mis en \u0153uvre et effectu\u00e9s sans hospitalisation, par une \u00e9quipe de professionnels, compos\u00e9e de m\u00e9decin, de th\u00e9rapeutes, de travailleurs sociaux, d\u2019administratifs, de comptable d\u2019agent de service. Les missions du CAMSP s\u2019exercent soit au cours des consultations, soit \u00e0 domicile soit \u00e0 l\u2019ext\u00e9rieur.<\/p>\n<p>L\u2019accompagnement au sein du CAMSP dans ses diff\u00e9rentes missions\u00a0:<\/p>\n<ul>\n<li><span class=\"OYPEnA font-feature-liga-off font-feature-clig-off font-feature-calt-off text-decoration-none text-strikethrough-none\">Le d\u00e9pistage et le diagnostic pr\u00e9coce des d\u00e9ficits et des troubles et l\u2019accueil de l\u2019enfant et de ses parents<\/span><\/li>\n<li><span class=\"OYPEnA font-feature-liga-off font-feature-clig-off font-feature-calt-off text-decoration-none text-strikethrough-none\">La pr\u00e9vention ou la r\u00e9duction de l\u2019aggravation des handicaps<\/span><\/li>\n<li><span class=\"OYPEnA font-feature-liga-off font-feature-clig-off font-feature-calt-off text-decoration-none text-strikethrough-none\">\u00b7Le soutien, l\u2019aide et l\u2019adaptation sociale, \u00e9ducative et scolaire, par le suivi de l\u2019enfant au CAMSP et \u00e0 l\u2019\u00e9cole<\/span><\/li>\n<li><span class=\"OYPEnA font-feature-liga-off font-feature-clig-off font-feature-calt-off text-decoration-none text-strikethrough-none\">Les soins et l\u2019accompagnement pr\u00e9coce, interdisciplinaires et personnalis\u00e9s de l\u2019enfant<\/span><\/li>\n<li><span class=\"OYPEnA font-feature-liga-off font-feature-clig-off font-feature-calt-off text-decoration-none text-strikethrough-none\">L\u2019accompagnement des parents et l\u2019\u00e9coute de la fratrie<\/span><\/li>\n<li><span class=\"OYPEnA font-feature-liga-off font-feature-clig-off font-feature-calt-off text-decoration-none text-strikethrough-none\">La co-construction du projet de sortie du CAMSP de l\u2019enfant<\/span><\/li>\n<li><span class=\"OYPEnA font-feature-liga-off font-feature-clig-off font-feature-calt-off text-decoration-none text-strikethrough-none\">Le soutien des professionnels et le renforcement de leurs comp\u00e9tences<\/span><\/li>\n<\/ul>\n<p>L\u2019accompagnement s\u2019effectue sous forme de soins ambulatoires par une \u00e9quipe pluridisciplinaire, compos\u00e9e de m\u00e9decins sp\u00e9cialis\u00e9s, de r\u00e9\u00e9ducateurs, d\u2019auxiliaires m\u00e9dicaux, de psychologues, de personnels d\u2019\u00e9ducation pr\u00e9coce, d\u2019assistants de service sociaux et, en tant que de besoin, d\u2019autres techniciens.<\/p>\n<p>Dans le parcours de leur enfant, les familles peuvent \u00eatre soutenues dans leur parentalit\u00e9, dans la gestion et l\u2019acceptation des difficult\u00e9s de leur enfant (accompagnement psychologique, guidance \u00e9ducative, \u2026).<\/p>\n<p>Le CAMSP d\u2019H\u00e9nin-Beaumont encourage et accompagne tout au long du parcours de soins l\u2019inscription de l\u2019enfant dans diff\u00e9rents lieux de socialisation (cr\u00e8ches, \u00e9coles, \u2026). Les professionnels participent \u00e9galement aux r\u00e9unions \u00e9ducatives, aux \u00e9quipes de suivi de scolarisation (ESS) ou encore aux concertations aupr\u00e8s d\u2019autres acteurs du secteur (SESSAD, IME, inter-secteur de p\u00e9dopsychiatrie, IEM, \u2026).<\/p>\n<p>Selon les difficult\u00e9s et l\u2019\u00e9volution de l\u2019enfant, l\u2019\u00e9quipe accompagne le cheminement de la famille vers l\u2019orientation la plus adapt\u00e9e aux besoins de l\u2019enfant. Le CAMSP propose \u00e9galement un accompagnement dans les d\u00e9marches administratives, assure la pr\u00e9sentation et la visite \u00e9ventuelle d\u2019\u00e9tablissements sp\u00e9cialis\u00e9s.<\/p>\n<h5>Contact<\/h5>\n<p>CAMSP H\u00e9nin-Beaumont<br \/>\n334 rue de l&rsquo;Abbaye<br \/>\n62110 H\u00e9nin-Beaumont<\/p>\n<p>T\u00e9l : 03 21 13 76 76<br \/>\nMail : camsp.henin@pep62.fr<\/p>\n<p>Retrouvez nos offres d&#8217;emplois.<\/p>\n\n\t\t<style type=\"text\/css\">\n\t\t\t#gallery-1 {\n\t\t\t\tmargin: auto;\n\t\t\t}\n\t\t\t#gallery-1 .gallery-item {\n\t\t\t\tfloat: left;\n\t\t\t\tmargin-top: 10px;\n\t\t\t\ttext-align: center;\n\t\t\t\twidth: 33%;\n\t\t\t}\n\t\t\t#gallery-1 img {\n\t\t\t\tborder: 2px solid #cfcfcf;\n\t\t\t}\n\t\t\t#gallery-1 .gallery-caption {\n\t\t\t\tmargin-left: 0;\n\t\t\t}\n\t\t\t\/* see gallery_shortcode() in wp-includes\/media.php *\/\n\t\t<\/style>\n\t\t<div id='gallery-1' class='gallery galleryid-8588 gallery-columns-3 gallery-size-thumbnail'><dl class='gallery-item'>\n\t\t\t<dt class='gallery-icon portrait'>\n\t\t\t\t<a href='https:\/\/www.pep62.fr\/pep62\/medecin-spe-cdi-camsp-dhenin-oct24\/'><img loading=\"lazy\" decoding=\"async\" width=\"150\" height=\"150\" src=\"https:\/\/www.pep62.fr\/pep62\/wp-content\/uploads\/2024\/10\/Medecin-Spe-CDI-CAMSP-dHenin-Oct24-150x150.jpg\" class=\"attachment-thumbnail size-thumbnail\" alt=\"\" \/><\/a>\n\t\t\t<\/dt><\/dl><dl class='gallery-item'>\n\t\t\t<dt class='gallery-icon portrait'>\n\t\t\t\t<a href='https:\/\/www.pep62.fr\/pep62\/ortho-cdi-camsp-henin\/'><img loading=\"lazy\" decoding=\"async\" width=\"150\" height=\"150\" src=\"https:\/\/www.pep62.fr\/pep62\/wp-content\/uploads\/2024\/10\/Ortho-CDI-CAMSP-Henin--150x150.png\" class=\"attachment-thumbnail size-thumbnail\" alt=\"\" \/><\/a>\n\t\t\t<\/dt><\/dl><dl class='gallery-item'>\n\t\t\t<dt class='gallery-icon portrait'>\n\t\t\t\t<a href='https:\/\/www.pep62.fr\/pep62\/psy-camsp-henin-cdi-tc-avril25-modif-avril25-1-2\/'><img loading=\"lazy\" decoding=\"async\" width=\"150\" height=\"150\" src=\"https:\/\/www.pep62.fr\/pep62\/wp-content\/uploads\/2025\/04\/Psy-CAMSP-Henin-CDI-TC-Avril25-modif-avril25-1-150x150.jpg\" class=\"attachment-thumbnail size-thumbnail\" alt=\"Psychologue H\u00e9nin-Beaumont PEP62\" \/><\/a>\n\t\t\t<\/dt><\/dl><br style=\"clear: both\" \/><dl class='gallery-item'>\n\t\t\t<dt class='gallery-icon portrait'>\n\t\t\t\t<a href='https:\/\/www.pep62.fr\/pep62\/masseur-kine-camsp-henin-cdi-tc-janv25\/'><img loading=\"lazy\" decoding=\"async\" width=\"150\" height=\"150\" src=\"https:\/\/www.pep62.fr\/pep62\/wp-content\/uploads\/2025\/01\/Masseur-Kine-CAMSP-Henin-CDI-TC-Janv25-150x150.jpg\" class=\"attachment-thumbnail size-thumbnail\" alt=\"\" \/><\/a>\n\t\t\t<\/dt><\/dl><dl class='gallery-item'>\n\t\t\t<dt class='gallery-icon portrait'>\n\t\t\t\t<a href='https:\/\/www.pep62.fr\/pep62\/masseur-kine-camsp-henin-cdd-tc-janv25-3\/'><img loading=\"lazy\" decoding=\"async\" width=\"150\" height=\"150\" src=\"https:\/\/www.pep62.fr\/pep62\/wp-content\/uploads\/2025\/02\/Masseur-Kine-CAMSP-Henin-CDD-TC-Janv25-150x150.jpg\" class=\"attachment-thumbnail size-thumbnail\" alt=\"\" \/><\/a>\n\t\t\t<\/dt><\/dl><dl class='gallery-item'>\n\t\t\t<dt class='gallery-icon portrait'>\n\t\t\t\t<a href='https:\/\/www.pep62.fr\/pep62\/psychomotricien-cdd-camsp-henin-mai2025\/'><img loading=\"lazy\" decoding=\"async\" width=\"150\" height=\"150\" src=\"https:\/\/www.pep62.fr\/pep62\/wp-content\/uploads\/2025\/05\/Psychomotricien-CDD-CAMSP-Henin-mai2025-150x150.jpg\" class=\"attachment-thumbnail size-thumbnail\" alt=\"\" \/><\/a>\n\t\t\t<\/dt><\/dl><br style=\"clear: both\" \/>\n\t\t<\/div>\n\n<p>&nbsp;<\/p>\n","protected":false},"excerpt":{"rendered":"<p>Le CAMSP d\u2019H\u00e9nin-Beaumont, en sa qualit\u00e9 de CAMSP polyvalent, a pour vocation l\u2019accompagnement de 103 enfants de 0 \u00e0 6 ans en situation de handicap ou pr\u00e9sentant un risque de d\u00e9velopper un handicap. Les missions du CAMSP d\u2019H\u00e9nin-Beaumont rel\u00e8vent de la pr\u00e9vention, du d\u00e9pistage, et de la r\u00e9\u00e9ducation. Le CAMSP est polyvalent, il permet \u00e0 [&hellip;]<\/p>\n","protected":false},"author":17,"featured_media":0,"parent":8571,"menu_order":0,"comment_status":"closed","ping_status":"closed","template":"","meta":{"_et_pb_use_builder":"","_et_pb_old_content":"","_et_gb_content_width":"","footnotes":""},"class_list":["post-8588","page","type-page","status-publish","hentry"],"_links":{"self":[{"href":"https:\/\/www.pep62.fr\/pep62\/wp-json\/wp\/v2\/pages\/8588","targetHints":{"allow":["GET"]}}],"collection":[{"href":"https:\/\/www.pep62.fr\/pep62\/wp-json\/wp\/v2\/pages"}],"about":[{"href":"https:\/\/www.pep62.fr\/pep62\/wp-json\/wp\/v2\/types\/page"}],"author":[{"embeddable":true,"href":"https:\/\/www.pep62.fr\/pep62\/wp-json\/wp\/v2\/users\/17"}],"replies":[{"embeddable":true,"href":"https:\/\/www.pep62.fr\/pep62\/wp-json\/wp\/v2\/comments?post=8588"}],"version-history":[{"count":6,"href":"https:\/\/www.pep62.fr\/pep62\/wp-json\/wp\/v2\/pages\/8588\/revisions"}],"predecessor-version":[{"id":9439,"href":"https:\/\/www.pep62.fr\/pep62\/wp-json\/wp\/v2\/pages\/8588\/revisions\/9439"}],"up":[{"embeddable":true,"href":"https:\/\/www.pep62.fr\/pep62\/wp-json\/wp\/v2\/pages\/8571"}],"wp:attachment":[{"href":"https:\/\/www.pep62.fr\/pep62\/wp-json\/wp\/v2\/media?parent=8588"}],"curies":[{"name":"wp","href":"https:\/\/api.w.org\/{rel}","templated":true}]}}