{"id":8658,"date":"2025-01-14T14:02:24","date_gmt":"2025-01-14T13:02:24","guid":{"rendered":"https:\/\/www.pep62.fr\/pep62\/?page_id=8658"},"modified":"2026-02-03T15:52:56","modified_gmt":"2026-02-03T14:52:56","slug":"samelyco","status":"publish","type":"page","link":"https:\/\/www.pep62.fr\/pep62\/nos-etablissements-et-services\/samelyco\/","title":{"rendered":"Le SAMELYCO &#8211; Service d&rsquo;Accompagnement des M\u00e8res Lyc\u00e9ennes et Coll\u00e9giennes &#8211;"},"content":{"rendered":"<p>[et_pb_section fb_built=\u00a0\u00bb1&Prime; _builder_version=\u00a0\u00bb4.16&Prime; global_colors_info=\u00a0\u00bb{}\u00a0\u00bb][et_pb_row _builder_version=\u00a0\u00bb4.16&Prime; background_size=\u00a0\u00bbinitial\u00a0\u00bb background_position=\u00a0\u00bbtop_left\u00a0\u00bb background_repeat=\u00a0\u00bbrepeat\u00a0\u00bb global_colors_info=\u00a0\u00bb{}\u00a0\u00bb][et_pb_column type=\u00a0\u00bb4_4&Prime; _builder_version=\u00a0\u00bb4.16&Prime; custom_padding=\u00a0\u00bb|||\u00a0\u00bb global_colors_info=\u00a0\u00bb{}\u00a0\u00bb custom_padding__hover=\u00a0\u00bb|||\u00a0\u00bb][et_pb_text _builder_version=\u00a0\u00bb4.16&Prime; background_size=\u00a0\u00bbinitial\u00a0\u00bb background_position=\u00a0\u00bbtop_left\u00a0\u00bb background_repeat=\u00a0\u00bbrepeat\u00a0\u00bb global_colors_info=\u00a0\u00bb{}\u00a0\u00bb]<strong>Le Service d&rsquo;Accompagnement des M\u00e8res Lyc\u00e9ennes et Coll\u00e9giennes est d\u00e9ploy\u00e9, par le biais du service PESP, depuis la rentr\u00e9e scolaire 2022, et vient compl\u00e9ter l&rsquo;action du SAPAD. C&rsquo;est un dispositif partenarial d&rsquo;accompagnement d\u00e9di\u00e9 aux jeunes parents.\u00a0<\/strong><\/p>\n<p>En engageant un suivi de la cellule familiale, du d\u00e9but de la grossesse jusqu&rsquo;aux 3 ans de l&rsquo;enfant, le SAMELYCO met en r\u00e9seau tous les leviers possible et agit \u00e0 la source contre les motifs de d\u00e9crochage scolaire.<\/p>\n<p>Par exemple, en accompagnant ces nouvelles familles dans la recherche d&rsquo;un logement, d&rsquo;une place de cr\u00e8che, d&rsquo;une formation professionnelle pour l&rsquo;un des deux parents, en apportant un suivi par des professionnels, dans le but de retrouver confiance et estime de soi, en mettant en place des temps en groupe pour cr\u00e9er du lien et lib\u00e9rer la parole&#8230;<\/p>\n<p>Levant, ainsi, le maximum de freins \u00e0 la poursuite de la scolarit\u00e9, facilitant l&rsquo;insertion sociale et l&rsquo;acc\u00e8s aux dispositifs de droit commun.<\/p>\n<p style=\"text-align: center;\"><strong>Pour plus d&rsquo;informations,<\/strong><br \/>\n<strong>contactez directement le SAMELYCO :<\/strong><\/p>\n<p style=\"text-align: center;\"><strong>1 bis rue de l&rsquo;origan &#8211; Parc des Bonnettes &#8211; 62 000 Arras<\/strong><br \/>\n<strong>03 21 50 92 60 &#8211; samelyco@pep62.fr<\/strong><\/p>\n<p>&nbsp;<\/p>\n<p>&nbsp;[\/et_pb_text][et_pb_text _builder_version=\u00a0\u00bb4.27.5&Prime; _module_preset=\u00a0\u00bbdefault\u00a0\u00bb global_colors_info=\u00a0\u00bb{}\u00a0\u00bb]<\/p>\n<p>Retrouvez plus d&rsquo;informations gr\u00e2ce au lien suivant :\u00a0<\/p>\n<p>[\/et_pb_text][et_pb_button button_text=\u00a0\u00bbPlus d&rsquo;informations\u00a0\u00bb _builder_version=\u00a0\u00bb4.27.5&Prime; _module_preset=\u00a0\u00bbdefault\u00a0\u00bb button_url=\u00a0\u00bbhttps:\/\/www.prefectures-regions.gouv.fr\/hauts-de-france\/irecontenu\/telechargement\/135006\/988522\/file\/Livret%20num%C3%A9rique%20sant%C3%A9%20des%20femmes.pdf\u00a0\u00bb hover_enabled=\u00a0\u00bb0&Prime; sticky_enabled=\u00a0\u00bb0&Prime;][\/et_pb_button][\/et_pb_column][\/et_pb_row][\/et_pb_section]<\/p>\n","protected":false},"excerpt":{"rendered":"<p>Le Service d&rsquo;Accompagnement des M\u00e8res Lyc\u00e9ennes et Coll\u00e9giennes est d\u00e9ploy\u00e9, par le biais du service PESP, depuis la rentr\u00e9e scolaire 2022, et vient compl\u00e9ter l&rsquo;action du SAPAD. C&rsquo;est un dispositif partenarial d&rsquo;accompagnement d\u00e9di\u00e9 aux jeunes parents.\u00a0 En engageant un suivi de la cellule familiale, du d\u00e9but de la grossesse jusqu&rsquo;aux 3 ans de l&rsquo;enfant, le [&hellip;]<\/p>\n","protected":false},"author":17,"featured_media":0,"parent":6162,"menu_order":0,"comment_status":"closed","ping_status":"closed","template":"","meta":{"_et_pb_use_builder":"on","_et_pb_old_content":"<strong>Le Service d'Accompagnement des M\u00e8res Lyc\u00e9ennes et Coll\u00e9giennes est d\u00e9ploy\u00e9, par le biais du service PESP, depuis la rentr\u00e9e scolaire 2022, et vient compl\u00e9ter l'action du SAPAD. C'est un dispositif partenarial d'accompagnement d\u00e9di\u00e9 aux jeunes parents.\u00a0<\/strong>\r\n\r\nEn engageant un suivi de la cellule familiale, du d\u00e9but de la grossesse jusqu'aux 3 ans de l'enfant, le SAMELYCO met en r\u00e9seau tous les leviers possible et agit \u00e0 la source contre les motifs de d\u00e9crochage scolaire.\r\n\r\nPar exemple, en accompagnant ces nouvelles familles dans la recherche d'un logement, d'une place de cr\u00e8che, d'une formation professionnelle pour l'un des deux parents, en apportant un suivi par des professionnels, dans le but de retrouver confiance et estime de soi, en mettant en place des temps en groupe pour cr\u00e9er du lien et lib\u00e9rer la parole...\r\n\r\nLevant, ainsi, le maximum de freins \u00e0 la poursuite de la scolarit\u00e9, facilitant l'insertion sociale et l'acc\u00e8s aux dispositifs de droit commun.\r\n<p style=\"text-align: center;\"><strong>Pour plus d'informations,<\/strong>\r\n<strong>contactez directement le SAMELYCO :<\/strong><\/p>\r\n<p style=\"text-align: center;\"><strong>1 bis rue de l'origan - Parc des Bonnettes - 62 000 Arras<\/strong>\r\n<strong>03 21 50 92 60 - samelyco@pep62.fr<\/strong><\/p>\r\n&nbsp;\r\n\r\n&nbsp;","_et_gb_content_width":"","footnotes":""},"class_list":["post-8658","page","type-page","status-publish","hentry"],"_links":{"self":[{"href":"https:\/\/www.pep62.fr\/pep62\/wp-json\/wp\/v2\/pages\/8658","targetHints":{"allow":["GET"]}}],"collection":[{"href":"https:\/\/www.pep62.fr\/pep62\/wp-json\/wp\/v2\/pages"}],"about":[{"href":"https:\/\/www.pep62.fr\/pep62\/wp-json\/wp\/v2\/types\/page"}],"author":[{"embeddable":true,"href":"https:\/\/www.pep62.fr\/pep62\/wp-json\/wp\/v2\/users\/17"}],"replies":[{"embeddable":true,"href":"https:\/\/www.pep62.fr\/pep62\/wp-json\/wp\/v2\/comments?post=8658"}],"version-history":[{"count":10,"href":"https:\/\/www.pep62.fr\/pep62\/wp-json\/wp\/v2\/pages\/8658\/revisions"}],"predecessor-version":[{"id":10265,"href":"https:\/\/www.pep62.fr\/pep62\/wp-json\/wp\/v2\/pages\/8658\/revisions\/10265"}],"up":[{"embeddable":true,"href":"https:\/\/www.pep62.fr\/pep62\/wp-json\/wp\/v2\/pages\/6162"}],"wp:attachment":[{"href":"https:\/\/www.pep62.fr\/pep62\/wp-json\/wp\/v2\/media?parent=8658"}],"curies":[{"name":"wp","href":"https:\/\/api.w.org\/{rel}","templated":true}]}}

Le SAMELYCO &#8211; Service d&rsquo;Accompagnement des Mères Lycéennes et Collégiennes &#8211;

<p>[et_pb_section fb_built= »1&Prime; _builder_version= »4.16&Prime; global_colors_info= »{} »][et_pb_row _builder_version= »4.16&Prime; background_size= »initial » background_position= »top_left » background_repeat= »repeat » global_colors_info= »{} »][et_pb_column type= »4_4&Prime; _builder_version= »4.16&Prime; custom_padding= »||| » global_colors_info= »{} » custom_padding__hover= »||| »][et_pb_text _builder_version= »4.16&Prime; background_size= »initial » background_position= »top_left » background_repeat= »repeat » global_colors_info= »{} »]<strong>Le Service d&rsquo;Accompagnement des Mères Lycéennes et Collégiennes est déployé, par le biais du service PESP, depuis la rentrée scolaire 2022, et vient compléter l&rsquo;action du SAPAD. C&rsquo;est un dispositif partenarial d&rsquo;accompagnement dédié aux jeunes parents. </strong></p>
<p>En engageant un suivi de la cellule familiale, du début de la grossesse jusqu&rsquo;aux 3 ans de l&rsquo;enfant, le SAMELYCO met en réseau tous les leviers possible et agit à la source contre les motifs de décrochage scolaire.</p>
<p>Par exemple, en accompagnant ces nouvelles familles dans la recherche d&rsquo;un logement, d&rsquo;une place de crèche, d&rsquo;une formation professionnelle pour l&rsquo;un des deux parents, en apportant un suivi par des professionnels, dans le but de retrouver confiance et estime de soi, en mettant en place des temps en groupe pour créer du lien et libérer la parole&#8230;</p>
<p>Levant, ainsi, le maximum de freins à la poursuite de la scolarité, facilitant l&rsquo;insertion sociale et l&rsquo;accès aux dispositifs de droit commun.</p>
<p style="text-align: center;"><strong>Pour plus d&rsquo;informations,</strong><br />
<strong>contactez directement le SAMELYCO :</strong></p>
<p style="text-align: center;"><strong>1 bis rue de l&rsquo;origan &#8211; Parc des Bonnettes &#8211; 62 000 Arras</strong><br />
<strong>03 21 50 92 60 &#8211; samelyco@pep62.fr</strong></p>
<p>&nbsp;</p>
<p>&nbsp;[/et_pb_text][et_pb_text _builder_version= »4.27.5&Prime; _module_preset= »default » global_colors_info= »{} »]</p>
<p>Retrouvez plus d&rsquo;informations grâce au lien suivant : </p>
<p>[/et_pb_text][et_pb_button button_text= »Plus d&rsquo;informations » _builder_version= »4.27.5&Prime; _module_preset= »default » button_url= »https://www.prefectures-regions.gouv.fr/hauts-de-france/irecontenu/telechargement/135006/988522/file/Livret%20num%C3%A9rique%20sant%C3%A9%20des%20femmes.pdf » hover_enabled= »0&Prime; sticky_enabled= »0&Prime;][/et_pb_button][/et_pb_column][/et_pb_row][/et_pb_section]</p>

<p>Le Service d&rsquo;Accompagnement des Mères Lycéennes et Collégiennes est déployé, par le biais du service PESP, depuis la rentrée scolaire 2022, et vient compléter l&rsquo;action du SAPAD. C&rsquo;est un dispositif partenarial d&rsquo;accompagnement dédié aux jeunes parents.  En engageant un suivi de la cellule familiale, du début de la grossesse jusqu&rsquo;aux 3 ans de l&rsquo;enfant, le [&hellip;]</p>

<strong>Le Service d'Accompagnement des Mères Lycéennes et Collégiennes est déployé, par le biais du service PESP, depuis la rentrée scolaire 2022, et vient compléter l'action du SAPAD. C'est un dispositif partenarial d'accompagnement dédié aux jeunes parents. </strong>

En engageant un suivi de la cellule familiale, du début de la grossesse jusqu'aux 3 ans de l'enfant, le SAMELYCO met en réseau tous les leviers possible et agit à la source contre les motifs de décrochage scolaire.

Par exemple, en accompagnant ces nouvelles familles dans la recherche d'un logement, d'une place de crèche, d'une formation professionnelle pour l'un des deux parents, en apportant un suivi par des professionnels, dans le but de retrouver confiance et estime de soi, en mettant en place des temps en groupe pour créer du lien et libérer la parole...

Levant, ainsi, le maximum de freins à la poursuite de la scolarité, facilitant l'insertion sociale et l'accès aux dispositifs de droit commun.
<p style="text-align: center;"><strong>Pour plus d'informations,</strong>
<strong>contactez directement le SAMELYCO :</strong></p>
<p style="text-align: center;"><strong>1 bis rue de l'origan - Parc des Bonnettes - 62 000 Arras</strong>
<strong>03 21 50 92 60 - samelyco@pep62.fr</strong></p>
&nbsp;

&nbsp;
